{"id":12,"date":"2020-12-07T19:47:23","date_gmt":"2020-12-07T19:47:23","guid":{"rendered":"https:\/\/ppo.ufzg.hr\/?page_id=12"},"modified":"2021-01-19T17:31:32","modified_gmt":"2021-01-19T17:31:32","slug":"12-2","status":"publish","type":"page","link":"https:\/\/ppo.ufzg.hr\/","title":{"rendered":"Po\u010detna stranica"},"content":{"rendered":"<p>[et_pb_section fb_built=&#8221;1&#8243; _builder_version=&#8221;4.6.6&#8243; _module_preset=&#8221;default&#8221; min_height=&#8221;676.3px&#8221; custom_padding=&#8221;0px|||||&#8221;][et_pb_row make_equal=&#8221;on&#8221; _builder_version=&#8221;4.6.6&#8243; _module_preset=&#8221;default&#8221; width=&#8221;100%&#8221; max_width=&#8221;2560px&#8221; max_height=&#8221;1753px&#8221; custom_padding=&#8221;0px|||||&#8221; border_style_all=&#8221;none&#8221;][et_pb_column type=&#8221;4_4&#8243; _builder_version=&#8221;4.6.6&#8243; _module_preset=&#8221;default&#8221;][et_pb_slider use_bg_overlay=&#8221;on&#8221; use_text_overlay=&#8221;on&#8221; _builder_version=&#8221;4.6.6&#8243; _module_preset=&#8221;default&#8221;][et_pb_slide heading=&#8221;Pedago\u0161ko-psiholo\u0161ko obrazovanje za nastavnike&#8221; button_text=&#8221;Saznaj vi\u0161e&#8221; button_link=&#8221;https:\/\/ppo.ufzg.hr\/?page_id=86&#8243; _builder_version=&#8221;4.6.6&#8243; _module_preset=&#8221;default&#8221; background_color=&#8221;rgba(0,0,0,0)&#8221; background_enable_color=&#8221;on&#8221; background_image=&#8221;https:\/\/ppo.ufzg.hr\/wp-content\/uploads\/2020\/12\/photo-1525829528215-ffae12a76ac8.jpeg&#8221; background_enable_image=&#8221;on&#8221; parallax=&#8221;on&#8221; custom_button=&#8221;on&#8221; button_text_size=&#8221;24px&#8221; button_text_size_tablet=&#8221;&#8221; button_text_size_phone=&#8221;&#8221; button_text_size_last_edited=&#8221;on|desktop&#8221; sticky_transition=&#8221;on&#8221;][\/et_pb_slide][et_pb_slide heading=&#8221;Program stjecanja pedago\u0161kih kompetencija za strukovne u\u010ditelje, suradnike u nastavi i mentore&#8221; button_text=&#8221;Saznaj vi\u0161e&#8221; button_link=&#8221;https:\/\/ppo.ufzg.hr\/?page_id=88&#8243; _builder_version=&#8221;4.6.6&#8243; _module_preset=&#8221;default&#8221; background_enable_color=&#8221;off&#8221; background_image=&#8221;https:\/\/ppo.ufzg.hr\/wp-content\/uploads\/2020\/12\/pexels-max-fischer-5212703-scaled.jpg&#8221; background_enable_image=&#8221;on&#8221; parallax=&#8221;on&#8221; background_last_edited=&#8221;on|desktop&#8221; sticky_transition=&#8221;on&#8221;][\/et_pb_slide][\/et_pb_slider][\/et_pb_column][\/et_pb_row][et_pb_row column_structure=&#8221;1_2,1_2&#8243; _builder_version=&#8221;4.6.6&#8243; _module_preset=&#8221;default&#8221;][et_pb_column type=&#8221;1_2&#8243; _builder_version=&#8221;4.6.6&#8243; _module_preset=&#8221;default&#8221;][et_pb_text _builder_version=&#8221;4.6.6&#8243; _module_preset=&#8221;default&#8221; text_font=&#8221;Roboto||||||||&#8221; text_font_size=&#8221;17px&#8221;]<\/p>\n<p>PRIJAVI PROGRAM PEDAGO\u0160KO-PSIHOLO\u0160KE NASTAVE<\/p>\n<p>[\/et_pb_text][et_pb_button button_url=&#8221;https:\/\/ppo.ufzg.hr\/?page_id=146&#8243; button_text=&#8221;ISPUNI OBRAZAC&#8221; button_alignment=&#8221;center&#8221; _builder_version=&#8221;4.6.6&#8243; _module_preset=&#8221;default&#8221; custom_button=&#8221;on&#8221; button_bg_color=&#8221;rgba(0,0,0,0)&#8221; button_border_color=&#8221;#e02b20&#8243; button_font=&#8221;Roboto||||||||&#8221; button_icon=&#8221;%%101%%&#8221; animation_style=&#8221;fade&#8221;][\/et_pb_button][\/et_pb_column][et_pb_column type=&#8221;1_2&#8243; _builder_version=&#8221;4.6.6&#8243; _module_preset=&#8221;default&#8221;][et_pb_text _builder_version=&#8221;4.6.6&#8243; _module_preset=&#8221;default&#8221; text_font=&#8221;Roboto||||||||&#8221; text_font_size=&#8221;17px&#8221; text_orientation=&#8221;center&#8221;]<\/p>\n<p><span>PROGRAM STJECANJA PEDAGO\u0160KIH KOMPETENCIJA ZA STRUKOVNE U\u010cITELJE, SURADNIKE U NASTAVI I MENTORE<\/span><\/p>\n<p>[\/et_pb_text][et_pb_button button_url=&#8221;https:\/\/ppo.ufzg.hr\/?page_id=159&#8243; button_text=&#8221;ISPUNI OBRAZAC&#8221; button_alignment=&#8221;center&#8221; _builder_version=&#8221;4.6.6&#8243; _module_preset=&#8221;default&#8221; custom_button=&#8221;on&#8221; button_border_color=&#8221;#0c71c3&#8243; button_font=&#8221;Roboto||||||||&#8221; button_icon=&#8221;%%73%%&#8221; button_icon_color=&#8221;#8300e9&#8243; hover_enabled=&#8221;0&#8243; sticky_enabled=&#8221;0&#8243;][\/et_pb_button][\/et_pb_column][\/et_pb_row][\/et_pb_section]<\/p>\n","protected":false},"excerpt":{"rendered":"<p>[et_pb_section fb_built=&#8221;1&#8243; _builder_version=&#8221;4.6.6&#8243; _module_preset=&#8221;default&#8221; min_height=&#8221;676.3px&#8221; custom_padding=&#8221;0px|||||&#8221;][et_pb_row make_equal=&#8221;on&#8221; _builder_version=&#8221;4.6.6&#8243; _module_preset=&#8221;default&#8221; width=&#8221;100%&#8221; max_width=&#8221;2560px&#8221; max_height=&#8221;1753px&#8221; custom_padding=&#8221;0px|||||&#8221; border_style_all=&#8221;none&#8221;][et_pb_column type=&#8221;4_4&#8243; _builder_version=&#8221;4.6.6&#8243; _module_preset=&#8221;default&#8221;][et_pb_slider use_bg_overlay=&#8221;on&#8221; use_text_overlay=&#8221;on&#8221; _builder_version=&#8221;4.6.6&#8243; _module_preset=&#8221;default&#8221;][et_pb_slide heading=&#8221;Pedago\u0161ko-psiholo\u0161ko obrazovanje za nastavnike&#8221; button_text=&#8221;Saznaj vi\u0161e&#8221; button_link=&#8221;https:\/\/ppo.ufzg.hr\/?page_id=86&#8243; _builder_version=&#8221;4.6.6&#8243; _module_preset=&#8221;default&#8221; background_color=&#8221;rgba(0,0,0,0)&#8221; background_enable_color=&#8221;on&#8221; background_image=&#8221;https:\/\/ppo.ufzg.hr\/wp-content\/uploads\/2020\/12\/photo-1525829528215-ffae12a76ac8.jpeg&#8221; background_enable_image=&#8221;on&#8221; parallax=&#8221;on&#8221; custom_button=&#8221;on&#8221; button_text_size=&#8221;24px&#8221; button_text_size_tablet=&#8221;&#8221; button_text_size_phone=&#8221;&#8221; button_text_size_last_edited=&#8221;on|desktop&#8221; sticky_transition=&#8221;on&#8221;][\/et_pb_slide][et_pb_slide heading=&#8221;Program stjecanja pedago\u0161kih kompetencija za strukovne u\u010ditelje, suradnike u nastavi i mentore&#8221; button_text=&#8221;Saznaj vi\u0161e&#8221; [&hellip;]<\/p>\n","protected":false},"author":1,"featured_media":0,"parent":0,"menu_order":0,"comment_status":"closed","ping_status":"closed","template":"","meta":{"_et_pb_use_builder":"on","_et_pb_old_content":"","_et_gb_content_width":"","footnotes":""},"class_list":["post-12","page","type-page","status-publish","hentry"],"_links":{"self":[{"href":"https:\/\/ppo.ufzg.hr\/index.php?rest_route=\/wp\/v2\/pages\/12","targetHints":{"allow":["GET"]}}],"collection":[{"href":"https:\/\/ppo.ufzg.hr\/index.php?rest_route=\/wp\/v2\/pages"}],"about":[{"href":"https:\/\/ppo.ufzg.hr\/index.php?rest_route=\/wp\/v2\/types\/page"}],"author":[{"embeddable":true,"href":"https:\/\/ppo.ufzg.hr\/index.php?rest_route=\/wp\/v2\/users\/1"}],"replies":[{"embeddable":true,"href":"https:\/\/ppo.ufzg.hr\/index.php?rest_route=%2Fwp%2Fv2%2Fcomments&post=12"}],"version-history":[{"count":21,"href":"https:\/\/ppo.ufzg.hr\/index.php?rest_route=\/wp\/v2\/pages\/12\/revisions"}],"predecessor-version":[{"id":165,"href":"https:\/\/ppo.ufzg.hr\/index.php?rest_route=\/wp\/v2\/pages\/12\/revisions\/165"}],"wp:attachment":[{"href":"https:\/\/ppo.ufzg.hr\/index.php?rest_route=%2Fwp%2Fv2%2Fmedia&parent=12"}],"curies":[{"name":"wp","href":"https:\/\/api.w.org\/{rel}","templated":true}]}}